[INFO] fetching crate crudite 0.1.0...
[INFO] checking crudite-0.1.0 against master#af3c6e733a40e671550e0f0f5aeecaa13772ba56 for pr-74989
[INFO] extracting crate crudite 0.1.0 into /workspace/builds/worker-11/source
[INFO] validating manifest of crates.io crate crudite 0.1.0 on toolchain af3c6e733a40e671550e0f0f5aeecaa13772ba56
[INFO] running `Command { std: "/workspace/cargo-home/bin/cargo" "+af3c6e733a40e671550e0f0f5aeecaa13772ba56" "read-manifest" "--manifest-path" "Cargo.toml", kill_on_drop: false }`
[INFO] started tweaking crates.io crate crudite 0.1.0
[INFO] finished tweaking crates.io crate crudite 0.1.0
[INFO] tweaked toml for crates.io crate crudite 0.1.0 written to /workspace/builds/worker-11/source/Cargo.toml
[INFO] running `Command { std: "/workspace/cargo-home/bin/cargo" "+af3c6e733a40e671550e0f0f5aeecaa13772ba56" "generate-lockfile" "--manifest-path" "Cargo.toml" "-Zno-index-update", kill_on_drop: false }`
[INFO] running `Command { std: "/workspace/cargo-home/bin/cargo" "+af3c6e733a40e671550e0f0f5aeecaa13772ba56" "fetch" "--locked" "--manifest-path" "Cargo.toml", kill_on_drop: false }`
[INFO] running `Command { std: "docker" "create" "-v" "/var/lib/crater-agent-workspace/builds/worker-11/target:/opt/rustwide/target:rw,Z" "-v" "/var/lib/crater-agent-workspace/builds/worker-11/source:/opt/rustwide/workdir:ro,Z" "-v" "/var/lib/crater-agent-workspace/cargo-home:/opt/rustwide/cargo-home:ro,Z" "-v" "/var/lib/crater-agent-workspace/rustup-home:/opt/rustwide/rustup-home:ro,Z" "-e" "SOURCE_DIR=/opt/rustwide/workdir" "-e" "CARGO_TARGET_DIR=/opt/rustwide/target" "-e" "CARGO_HOME=/opt/rustwide/cargo-home" "-e" "RUSTUP_HOME=/opt/rustwide/rustup-home" "-w" "/opt/rustwide/workdir" "-m" "1610612736" "--user" "0:0" "--network" "none" "rustops/crates-build-env@sha256:d92eaeed33fa75130ca1ee6c8a01d1ffb62bac859dfdfb3450e3e5d1c0146529" "/opt/rustwide/cargo-home/bin/cargo" "+af3c6e733a40e671550e0f0f5aeecaa13772ba56" "metadata" "--no-deps" "--format-version=1", kill_on_drop: false }`
[INFO] [stderr] WARNING: Your kernel does not support swap limit capabilities or the cgroup is not mounted. Memory limited without swap.
[INFO] [stdout] af6bc27acbbda5de1e0ecd1d26dce2e44f760cc7f18a6c1d50d9be04fff7fb80
[INFO] running `Command { std: "docker" "start" "-a" "af6bc27acbbda5de1e0ecd1d26dce2e44f760cc7f18a6c1d50d9be04fff7fb80", kill_on_drop: false }`
[INFO] running `Command { std: "docker" "inspect" "af6bc27acbbda5de1e0ecd1d26dce2e44f760cc7f18a6c1d50d9be04fff7fb80", kill_on_drop: false }`
[INFO] running `Command { std: "docker" "rm" "-f" "af6bc27acbbda5de1e0ecd1d26dce2e44f760cc7f18a6c1d50d9be04fff7fb80", kill_on_drop: false }`
[INFO] [stdout] af6bc27acbbda5de1e0ecd1d26dce2e44f760cc7f18a6c1d50d9be04fff7fb80
[INFO] running `Command { std: "docker" "create" "-v" "/var/lib/crater-agent-workspace/builds/worker-11/target:/opt/rustwide/target:rw,Z" "-v" "/var/lib/crater-agent-workspace/builds/worker-11/source:/opt/rustwide/workdir:ro,Z" "-v" "/var/lib/crater-agent-workspace/cargo-home:/opt/rustwide/cargo-home:ro,Z" "-v" "/var/lib/crater-agent-workspace/rustup-home:/opt/rustwide/rustup-home:ro,Z" "-e" "SOURCE_DIR=/opt/rustwide/workdir" "-e" "CARGO_TARGET_DIR=/opt/rustwide/target" "-e" "CARGO_INCREMENTAL=0" "-e" "RUST_BACKTRACE=full" "-e" "RUSTFLAGS=--cap-lints=forbid" "-e" "CARGO_HOME=/opt/rustwide/cargo-home" "-e" "RUSTUP_HOME=/opt/rustwide/rustup-home" "-w" "/opt/rustwide/workdir" "-m" "1610612736" "--user" "0:0" "--network" "none" "rustops/crates-build-env@sha256:d92eaeed33fa75130ca1ee6c8a01d1ffb62bac859dfdfb3450e3e5d1c0146529" "/opt/rustwide/cargo-home/bin/cargo" "+af3c6e733a40e671550e0f0f5aeecaa13772ba56" "check" "--frozen" "--all" "--all-targets" "--message-format=json", kill_on_drop: false }`
[INFO] [stdout] a16b6cea36dbdcef886474560a0095abe843effa12ae39e6c17dddeb58745166
[INFO] [stderr] WARNING: Your kernel does not support swap limit capabilities or the cgroup is not mounted. Memory limited without swap.
[INFO] running `Command { std: "docker" "start" "-a" "a16b6cea36dbdcef886474560a0095abe843effa12ae39e6c17dddeb58745166", kill_on_drop: false }`
[INFO] [stderr]     Blocking waiting for file lock on package cache
[INFO] [stderr]     Blocking waiting for file lock on package cache
[INFO] [stderr]    Compiling semver-parser v0.7.0
[INFO] [stderr]    Compiling syn v1.0.40
[INFO] [stderr]     Checking lazy_static v1.4.0
[INFO] [stderr]    Compiling typenum v1.12.0
[INFO] [stderr]     Checking uuid v0.7.4
[INFO] [stderr]     Checking itertools v0.9.0
[INFO] [stderr]     Checking regex-automata v0.1.9
[INFO] [stderr]     Checking plotters v0.2.15
[INFO] [stderr]     Checking crossbeam-utils v0.7.2
[INFO] [stderr]    Compiling semver v0.9.0
[INFO] [stderr]     Checking crossbeam-epoch v0.8.2
[INFO] [stderr]     Checking crossbeam-channel v0.4.4
[INFO] [stderr]    Compiling rustc_version v0.2.3
[INFO] [stderr]     Checking crossbeam-deque v0.7.3
[INFO] [stderr]    Compiling cast v0.2.3
[INFO] [stderr]    Compiling im v13.0.0
[INFO] [stderr]     Checking rayon-core v1.8.0
[INFO] [stderr]     Checking criterion-plot v0.4.3
[INFO] [stderr]     Checking sized-chunks v0.3.1
[INFO] [stderr]     Checking rayon v1.4.0
[INFO] [stderr]    Compiling serde_derive v1.0.116
[INFO] [stderr]     Checking serde v1.0.116
[INFO] [stderr]     Checking serde_json v1.0.57
[INFO] [stderr]     Checking bstr v0.2.13
[INFO] [stderr]     Checking serde_cbor v0.11.1
[INFO] [stderr]     Checking crudite v0.1.0 (/opt/rustwide/workdir)
[INFO] [stdout] warning: unused imports: `HashMap`, `HashSet`
[INFO] [stdout]  --> src/json/value.rs:1:10
[INFO] [stdout]   |
[INFO] [stdout] 1 | use im::{HashMap, HashSet};
[INFO] [stdout]   |          ^^^^^^^  ^^^^^^^
[INFO] [stdout]   |
[INFO] [stdout]   = note: `#[warn(unused_imports)]` on by default
[INFO] [stdout] 
[INFO] [stdout] 
[INFO] [stdout] warning: associated function is never used: `object_get`
[INFO] [stdout]    --> src/json/tree.rs:626:19
[INFO] [stdout]     |
[INFO] [stdout] 626 |     pub(super) fn object_get(&self, object: Id, key: &str) -> Result<Value<Id>, TreeError> {
[INFO] [stdout]     |                   ^^^^^^^^^^
[INFO] [stdout]     |
[INFO] [stdout]     = note: `#[warn(dead_code)]` on by default
[INFO] [stdout] 
[INFO] [stdout] 
[INFO] [stdout] warning: associated function is never used: `get_parent`
[INFO] [stdout]    --> src/json/tree.rs:651:19
[INFO] [stdout]     |
[INFO] [stdout] 651 |     pub(super) fn get_parent(&self, id: Id) -> Result<Option<Id>, TreeError> {
[INFO] [stdout]     |                   ^^^^^^^^^^
[INFO] [stdout] 
[INFO] [stdout] 
[INFO] [stdout] warning: 3 warnings emitted
[INFO] [stdout] 
[INFO] [stdout] 
[INFO] [stderr]     Checking csv v1.1.3
[INFO] [stderr]     Checking tinytemplate v1.1.0
[INFO] [stderr]     Checking criterion v0.3.3
[INFO] [stdout] error[E0433]: failed to resolve: use of undeclared type or module `tree`
[INFO] [stdout]   --> benches/long_string.rs:15:17
[INFO] [stdout]    |
[INFO] [stdout] 15 |                 tree::Edit::TextCreate { id: Id { num: 1 } },
[INFO] [stdout]    |                 ^^^^ use of undeclared type or module `tree`
[INFO] [stdout] 
[INFO] [stdout] 
[INFO] [stdout] error[E0433]: failed to resolve: use of undeclared type or module `tree`
[INFO] [stdout]   --> benches/long_string.rs:16:17
[INFO] [stdout]    |
[INFO] [stdout] 16 |                 tree::Edit::MapInsert {
[INFO] [stdout]    |                 ^^^^ use of undeclared type or module `tree`
[INFO] [stdout] 
[INFO] [stdout] 
[INFO] [stdout] error[E0433]: failed to resolve: use of undeclared type or module `tree`
[INFO] [stdout]   --> benches/long_string.rs:28:39
[INFO] [stdout]    |
[INFO] [stdout] 28 |                 edits: vec![black_box(tree::Edit::TextInsert {
[INFO] [stdout]    |                                       ^^^^ use of undeclared type or module `tree`
[INFO] [stdout] 
[INFO] [stdout] 
[INFO] [stdout] error[E0433]: failed to resolve: use of undeclared type or module `tree`
[INFO] [stdout]   --> benches/long_string.rs:19:33
[INFO] [stdout]    |
[INFO] [stdout] 19 |                     item: tree::Value::Collection(Id { num: 1 }),
[INFO] [stdout]    |                                 ^^^^^ not found in `tree`
[INFO] [stdout]    |
[INFO] [stdout] help: consider importing one of these items
[INFO] [stdout]    |
[INFO] [stdout] 4  | use crate::json::Value;
[INFO] [stdout]    |
[INFO] [stdout] 4  | use crudite::json::Value;
[INFO] [stdout]    |
[INFO] [stdout] 
[INFO] [stdout] 
[INFO] [stdout] warning: unused imports: `HashMap`, `HashSet`
[INFO] [stdout]  --> src/json/value.rs:1:10
[INFO] [stdout]   |
[INFO] [stdout] 1 | use im::{HashMap, HashSet};
[INFO] [stdout]   |          ^^^^^^^  ^^^^^^^
[INFO] [stdout]   |
[INFO] [stdout]   = note: `#[warn(unused_imports)]` on by default
[INFO] [stdout] 
[INFO] [stdout] 
[INFO] [stderr] error: could not compile `crudite`.
[INFO] [stdout] error: aborting due to 4 previous errors
[INFO] [stdout] 
[INFO] [stdout] 
[INFO] [stderr] 
[INFO] [stdout] For more information about this error, try `rustc --explain E0433`.
[INFO] [stdout] 
[INFO] [stderr] To learn more, run the command again with --verbose.
[INFO] [stderr] warning: build failed, waiting for other jobs to finish...
[INFO] [stdout] warning: 1 warning emitted
[INFO] [stdout] 
[INFO] [stdout] 
[INFO] [stderr] error: build failed
[INFO] running `Command { std: "docker" "inspect" "a16b6cea36dbdcef886474560a0095abe843effa12ae39e6c17dddeb58745166", kill_on_drop: false }`
[INFO] running `Command { std: "docker" "rm" "-f" "a16b6cea36dbdcef886474560a0095abe843effa12ae39e6c17dddeb58745166", kill_on_drop: false }`
[INFO] [stdout] a16b6cea36dbdcef886474560a0095abe843effa12ae39e6c17dddeb58745166
